{"id":2427,"date":"2024-11-26T13:55:33","date_gmt":"2024-11-26T12:55:33","guid":{"rendered":"https:\/\/www.lagalerieblaye.art\/?post_type=product&#038;p=2427"},"modified":"2025-12-03T17:20:58","modified_gmt":"2025-12-03T16:20:58","slug":"clarissa-schaefer-homage-to-frank","status":"publish","type":"product","link":"https:\/\/www.lagalerieblaye.art\/en\/produit\/clarissa-schaefer-homage-to-frank\/","title":{"rendered":"Clarissa Schaefer &#8211; Homage to Frank &#8211; 50x80cm"},"content":{"rendered":"","protected":false},"excerpt":{"rendered":"<p class=\"p1\"><span class=\"s1\">Reproduction sur m\u00e9tal, \u00e9dition limit\u00e9e 1\/7, 1500\u20ac<br \/>\nR<\/span><span class=\"s1\">eproduction on metal, limited edition 1\/7, 1500\u20ac<\/span><\/p>\n","protected":false},"featured_media":913,"template":"","meta":{"_acf_changed":false,"_et_pb_use_builder":"","_et_pb_old_content":"","_et_gb_content_width":"","pgc_sgb_lightbox_settings":""},"product_brand":[],"product_cat":[52,49],"product_tag":[],"class_list":{"0":"post-2427","1":"product","2":"type-product","3":"status-publish","4":"has-post-thumbnail","6":"product_cat-clarissa-schaefer","7":"product_cat-non-classe","9":"first","10":"instock","11":"shipping-taxable","12":"purchasable","13":"product-type-simple"},"acf":[],"_links":{"self":[{"href":"https:\/\/www.lagalerieblaye.art\/en\/wp-json\/wp\/v2\/product\/2427","targetHints":{"allow":["GET"]}}],"collection":[{"href":"https:\/\/www.lagalerieblaye.art\/en\/wp-json\/wp\/v2\/product"}],"about":[{"href":"https:\/\/www.lagalerieblaye.art\/en\/wp-json\/wp\/v2\/types\/product"}],"wp:featuredmedia":[{"embeddable":true,"href":"https:\/\/www.lagalerieblaye.art\/en\/wp-json\/wp\/v2\/media\/913"}],"wp:attachment":[{"href":"https:\/\/www.lagalerieblaye.art\/en\/wp-json\/wp\/v2\/media?parent=2427"}],"wp:term":[{"taxonomy":"product_brand","embeddable":true,"href":"https:\/\/www.lagalerieblaye.art\/en\/wp-json\/wp\/v2\/product_brand?post=2427"},{"taxonomy":"product_cat","embeddable":true,"href":"https:\/\/www.lagalerieblaye.art\/en\/wp-json\/wp\/v2\/product_cat?post=2427"},{"taxonomy":"product_tag","embeddable":true,"href":"https:\/\/www.lagalerieblaye.art\/en\/wp-json\/wp\/v2\/product_tag?post=2427"}],"curies":[{"name":"wp","href":"https:\/\/api.w.org\/{rel}","templated":true}]}}

<p class="p1"><span class="s1">Reproduction sur métal, édition limitée 1/7, 1500€<br />
R</span><span class="s1">eproduction on metal, limited edition 1/7, 1500€</span></p>
